t k be 36/42*(1 - -13). What is the units digit of g(k)?
4
Let u(c) = -c**3 - 4*c**2 + 3*c - 15. Let t = -112 - -103. What is the tens digit of u(t)?
6
Suppose 0 = -4*q + 4*d + 31976, 2*d = 5*q - 39448 - 534. What is the units digit of q?
8
What is the thousands digit of (80928/(-360))/((-2)/55)?
6
Suppose 17*h - 22*h = 5*w - 81090, -16212 = -w + 2*h. What is the units digit of w?
6
Let w(q) = 4*q + 21. Let n be w(-4). Suppose 33 = -n*p - 2*x, 4*p + 40 = -4*x - x. Let z(v) = -v**3 - 6*v**2 - 7*v - 3. What is the units digit of z(p)?
7
Let k = 15108 + 291. What is the hundreds digit of k/36 - 3*4/(-48)?
4
Let f be (-3250)/(-156) + (-3)/(-18). Suppose -15916 - 8780 = -f*q. What is the units digit of q?
6
Suppose 2*c - 3 = 1. Suppose 3*p - 2*w - 2*w - 148 = 0, -68 = -c*p - 5*w. What is the tens digit of (913/p)/(1/4)?
8
What is the units digit of ((-15612)/(-168))/((-9)/(-126))?
1
Suppose m + i + 1 = 0, -3*i = -m - 0*i - 13. What is the tens digit of m/(-10) - (-2)/((-30)/(-219))?
1
Suppose -u + 2*b - 18 = 0, b = 3*u - b + 38. Let p be (-2 + 132/u)/(1/5). Let r = p + 285. What is the hundreds digit of r?
2
Let d(b) be the second derivative of 59*b**4/24 - 23*b**3/3 - 17*b**2 - 31*b. Let u(h) be the first derivative of d(h). What is the hundreds digit of u(4)?
1
Let x be (-24 - -24)*(-1)/(-8). Suppose 918*g - 923*g + 3465 = x. What is the hundreds digit of g?
6
Let l be (-104)/(-16)*-10 - -5. What is the units digit of ((-277310)/l)/11 + (-2)/12?
0
What is the ten thousands digit of (3 + 1)/(4657632/310506 + -15)?
2
Let u be (-3)/((-4)/18 + (-7)/9). Suppose -u*z = n + 44, 0 = -0*n + 4*n - 5*z + 125. Let w = n - -104. What is the units digit of w?
9
Let u = -14 - -13. Let d(s) = 7*s**3 - s**2 + 3*s - 4. Let l(k) = k**3 - k + 1. Let p(x) = u*d(x) - 4*l(x). What is the units digit of p(-2)?
0
Suppose 22 = -8*y + 3*y - 2*b, 3*y + 22 = b. Let s be 1 - 6/y - 2/(-2). What is the hundreds digit of s/6*-2 + (-1 - -217)?
2
Let h = -35414 - -52256. What is the hundreds digit of h?
8
Suppose 0 = -16*l - 0*l - 80. Let d be (-7)/(28/l)*4. Suppose 0 = -t + 5*z + 17 + 34, 3*t + d*z = 153. What is the tens digit of t?
5
Suppose 34*p - 21*p = -92*p + 799050. What is the units digit of p?
0
Let u(d) = -824*d - 1363. What is the ten thousands digit of u(-17)?
1
Let z = 183 + -162. What is the hundreds digit of 7 + 2049*7/z?
6
Let d = 1973 + 10388. What is the ten thousands digit of d?
1
Suppose f - 5*f = -24. Let q(o) = o**3 - 4*o**2 - 28*o + 102. Let h be q(3). Suppose h*v = f*v - 2*r + 603, 15 = -5*r. What is the units digit of v?
3
Let c = -4842 + 31778. What is the units digit of c?
6
Suppose 0 = 4*w + 2*f - 2, 3*w + 3*f + 4 - 7 = 0. Suppose w = -h + 4 - 2. Suppose h*q = -0 + 18. What is the units digit of q?
9
Suppose -16*h + 28 + 84 = 0. Suppose -10*f - 1352 = -t - h*f, -f = -2*t + 2714. What is the tens digit of t?
5
Suppose -31*z + 232802 + 149769 = 0. What is the units digit of z?
1
Let r = -139 - -341. Let t = r + -58. What is the units digit of t?
4
Let j = 32 + -6. Let c = 12 + j. Suppose 0 = -k + c - 9. What is the tens digit of k?
2
Let q = 38 - 57. Let u(y) = -3*y + 27. Let g be u(q). What is the tens digit of 2 + g + 12/(-3)?
8
Let t = -12898 + 37283. What is the thousands digit of t?
4
Let u = 74 - 77. Let k be 646/4 + u - 2/(-4). Let t = k - 29. What is the hundreds digit of t?
1
Let b = -41 - -47. Suppose -3*z + z = -744. Suppose -b*o + 2*o = -z. What is the tens digit of o?
9
Suppose 3*j - 2*u - 793 = 52, -2*u = j - 271. Let f = j - -265. What is the hundreds digit of f?
5
Let z(i) = -i**2 - 14*i + 36. Let w be z(-16). Suppose 55 = -4*h + x, -w*x = -2*h - 20 - 4. What is the hundreds digit of (-6)/h + 5271/49?
1
Suppose -15*p - 20 = -14*p. Let i = p + 48. Suppose 25*q - i*q = -267. What is the tens digit of q?
8
Let y be 96 - ((-12)/(-4) - 0). Suppose 2*h + 0*h - y = v, -v = -h + 46. Suppose c - 25 = h. What is the units digit of c?
2
Let g(s) = 3*s - 1. Let r = 10 - -2. Let a be g(r). Suppose 3 + a = h. What is the tens digit of h?
3
Let w be (0 + -1 + 0)*(7 + -8). Suppose 4 - w = 3*v + 4*x, -4*x = -5*v + 37. Suppose -v*u + 90 = -70. What is the tens digit of u?
3
Let f be (-6)/(-10) - 254/(-10). Suppose -2*j = -3*n - 2, -f = 4*j - 2*j + 4*n. What is the units digit of ((-864)/(-15))/9 + (-3)/j?
7
Let a(c) = -40*c - 275. Let m be a(-7). Suppose -5*w = -m*z + 3350, -3*z - 3*w = 356 - 2336. What is the units digit of z?
5
Suppose 0 = -13*k + 12*k, 4*k = -4*s + 16976. Suppose 4*d + c - s = 0, -5*d + 528 = 5*c - 4777. What is the units digit of d?
1
Let b = -603 - -1585. Suppose 12*f - b + 298 = 0. Suppose -f - 1196 = -7*p. What is the units digit of p?
9
Let n(b) = -b**3 - 7*b**2 + 11*b + 3. Let q be n(-8). Let k = 21 + q. Suppose k = 2*h - 55 - 39. What is the units digit of h?
7
Let q(v) = 2*v**3 + 15*v**2 + 8*v + 6. Let b be q(-7). What is the units digit of (-113*(54/2)/3)/b?
7
Let z(c) = -c + 125. Suppose 4*v - 49 = -3*w - v, w - 23 = -5*v. What is the tens digit of z(w)?
1
Suppose 7*v - 1034 = 6*v. Let d = v - 508. What is the tens digit of d?
2
Let p = 35345 - 23307. What is the thousands digit of p?
2
Let b(m) = 87 - 31 - 31 - 26 - 260*m. What is the tens digit of b(-1)?
5
Let s = 441 - 186. Suppose 0 = -3*n + 3*z + s, 4*n + 6*z - 7*z = 346. What is the tens digit of n?
8
Let x be ((-2400)/7)/3 + (-22)/(-77). Let n be ((-1)/2)/(3 - x/(-36)). Let w(h) = 12*h**2 - 4*h - 1. What is the units digit of w(n)?
5
Suppose -5*f + d + 22 = -3*f, 0 = -4*f - 3*d + 24. Let i = f - 4. Suppose -3*n - 176 = -i*n. What is the tens digit of n?
8
Suppose 1277*p - 1698752 = 1239*p. What is the thousands digit of p?
4
Let t be (-4)/5 + (-7254)/(-30). Let c = t - -274. What is the tens digit of c?
1
Suppose -a = -4*t - 5279 + 2029, 3249 = a - 5*t. Suppose 0 = -13*s + 1140 + a. What is the units digit of s?
8
Let j(d) = d**3 - 13*d**2 + 15*d + 4. Suppose -4*r - 2*s = -2 - 2, 2*s = 5*r - 14. Suppose 65 = r*a + 3*a. What is the tens digit of j(a)?
9
Suppose 12311 = -5*u + 3*h + 96809, -3*u + 2*h = -50700. What is the tens digit of u?
9
Let l = -93 + 91. What is the hundreds digit of l*((-7476)/(-8))/(-7)?
2
Let u = 251 + -255. What is the hundreds digit of (-837)/6*9*u/6?
8
Let x(t) = -2*t**3 - 137*t**2 + 209*t - 5. What is the tens digit of x(-73)?
9
Let d(w) = 13*w - 23. Let a be d(-3). What is the hundreds digit of 4528368/3658 + (-4)/a?
2
Suppose -3*q + 4*x - 1482 = 2548, 5*q + 2*x + 6708 = 0. Let o = q - -1892. What is the tens digit of o?
5
Suppose -836228 = -135*j + 1389073 + 242364. What is the tens digit of j?
7
Let n be (-135)/(-25)*(-20)/(-6). Let g(r) be the first derivative of r**2/2 + 31*r - 49. What is the tens digit of g(n)?
4
Let f be ((-9 - -6) + (2 - 1))/(-1). What is the hundreds digit of 88578/228*(0 - f/(-3))?
2
Suppose -40279 = -22*v + 13335. What is the units digit of v?
7
Suppose -4*r = -9*r - 2*r + 107219. What is the tens digit of r?
1
Suppose 2*d + 2*u - 1934 = 0, -d + 0*u + 968 = 2*u. What is the tens digit of d?
6
Suppose -6044 = -6*t + 7858. Suppose -2*p - 2*w - 451 = -t, 2*p - 3*w = 1866. What is the units digit of p?
3
Suppose -13*x - 12 = -14*x. Let d(u) = -u**3 + 11*u**2 - 10*u + 11. Let c be d(x). Let w = c + 428. What is the hundreds digit of w?
1
Suppose -5*m = 470 + 265. Let h = 290 + m. What is the hundreds digit of h?
1
Suppose 0 = z - 2*z - 2. Let f be (11 - -42) + (z - 0). What is the units digit of f - (0 - 0) - 3?
8
Suppose 1246*m - 1240*m - 2466 = 0. What is the tens digit of m?
1
Let b be 1/(-7) - (-249)/(-21). Let j be 0 + 2 + (-8)/(24/(-6)). What is the units digit of j + (-776)/(b/3)?
8
What is the tens digit of 20458 - ((-2368)/(-407) + 2/11)?
5
Let y(d) = -d**2 - 19*d + 6. Let c = 36 - 55. Let q be y(c). What is the units digit of (1/3)/(q/72)?
4
Let t = -161 - -264. Suppose -t*j + 1435 = -98*j. What is the tens digit of j?
8
Suppose -7*r - 92 + 106 = 0. Suppose -r*w = -2*u + 186, 0 = -4*u + 2*w + 231 + 133. What is the tens digit of u?
8
Let d = -15990 - -52922. What is the hundreds digit of d?
9
Let y be 1*-1 + -3 - (-51 + 44). Let c be y*7/(35/(-25)). What is the tens digit of (468/(-30))/((1 - -2)/c)?
7
Suppose -231*a + 6680961 + 3336261 = -3613164. What is the hundreds digit of a?
0
Let h(j) = j**2 + j - 1